{"id":1652,"date":"2026-02-15T14:19:57","date_gmt":"2026-02-15T14:19:57","guid":{"rendered":"https:\/\/restorationch.com\/?page_id=1652"},"modified":"2026-02-16T21:31:39","modified_gmt":"2026-02-16T21:31:39","slug":"1652-2","status":"publish","type":"page","link":"https:\/\/restorationch.com\/index.php\/visit\/1652-2\/","title":{"rendered":"Iglesia Restauracion"},"content":{"rendered":"<p>[et_pb_section fb_built=&#8221;1&#8243; admin_label=&#8221;Services&#8221; _builder_version=&#8221;4.21.0&#8243; _module_preset=&#8221;default&#8221; background_color=&#8221;#F2EFE8&#8243; use_background_color_gradient=&#8221;on&#8221; background_color_gradient_stops=&#8221;rgba(0,0,0,0.45) 65%|rgba(0,0,0,0.75) 100%&#8221; background_color_gradient_overlays_image=&#8221;on&#8221; background_image=&#8221;https:\/\/restorationch.com\/wp-content\/uploads\/2026\/01\/DSC05249-scaled.jpg&#8221; background_position=&#8221;top_center&#8221; background_vertical_offset=&#8221;22%&#8221; custom_padding=&#8221;30px||236px||false|false&#8221; top_divider_color=&#8221;rgba(0,0,0,0)&#8221; top_divider_flip=&#8221;horizontal&#8221; bottom_divider_height=&#8221;52px&#8221; bottom_divider_repeat=&#8221;2x&#8221; animation_style=&#8221;fade&#8221; global_colors_info=&#8221;{}&#8221;][et_pb_row column_structure=&#8221;1_3,1_3,1_3&#8243; _builder_version=&#8221;4.21.0&#8243; _module_preset=&#8221;default&#8221; background_image=&#8221;https:\/\/restorationch.com\/wp-content\/uploads\/2026\/01\/White-Logo.png&#8221; max_width=&#8221;1280px&#8221; module_alignment=&#8221;center&#8221; custom_margin=&#8221;70px||70px||true|false&#8221; custom_padding=&#8221;||216px|||&#8221; use_custom_width=&#8221;on&#8221; custom_width_px=&#8221;1280px&#8221; locked=&#8221;off&#8221; global_colors_info=&#8221;{}&#8221;][et_pb_column type=&#8221;1_3&#8243; _builder_version=&#8221;4.21.0&#8243; _module_preset=&#8221;default&#8221; global_colors_info=&#8221;{}&#8221;][\/et_pb_column][et_pb_column type=&#8221;1_3&#8243; _builder_version=&#8221;4.16&#8243; _module_preset=&#8221;b0f68a87-3510-4460-a9b2-c8e1e45b7f9b&#8221; custom_padding=&#8221;|||&#8221; global_colors_info=&#8221;{}&#8221; custom_padding__hover=&#8221;|||&#8221;][\/et_pb_column][et_pb_column type=&#8221;1_3&#8243; _builder_version=&#8221;4.16&#8243; _module_preset=&#8221;b0f68a87-3510-4460-a9b2-c8e1e45b7f9b&#8221; custom_padding=&#8221;|||&#8221; global_colors_info=&#8221;{}&#8221; custom_padding__hover=&#8221;|||&#8221;][\/et_pb_column][\/et_pb_row][\/et_pb_section][et_pb_section fb_built=&#8221;1&#8243; _builder_version=&#8221;4.21.0&#8243; _module_preset=&#8221;default&#8221; background_color=&#8221;#014C75&#8243; width=&#8221;100%&#8221; module_alignment=&#8221;center&#8221; custom_padding=&#8221;40px||40px||true|false&#8221; locked=&#8221;off&#8221; global_colors_info=&#8221;{}&#8221;][et_pb_row column_structure=&#8221;1_4,1_4,1_4,1_4&#8243; _builder_version=&#8221;4.21.0&#8243; _module_preset=&#8221;default&#8221; global_colors_info=&#8221;{}&#8221;][et_pb_column type=&#8221;1_4&#8243; _builder_version=&#8221;4.21.0&#8243; _module_preset=&#8221;default&#8221; global_colors_info=&#8221;{}&#8221;][et_pb_image src=&#8221;https:\/\/restorationch.com\/wp-content\/uploads\/2026\/02\/DSC05308-scaled.jpg&#8221; title_text=&#8221;DSC05308&#8243; _builder_version=&#8221;4.21.0&#8243; _module_preset=&#8221;default&#8221; global_colors_info=&#8221;{}&#8221;][\/et_pb_image][\/et_pb_column][et_pb_column type=&#8221;1_4&#8243; _builder_version=&#8221;4.21.0&#8243; _module_preset=&#8221;default&#8221; global_colors_info=&#8221;{}&#8221;][et_pb_image src=&#8221;https:\/\/restorationch.com\/wp-content\/uploads\/2026\/02\/DSC05181-scaled.jpg&#8221; title_text=&#8221;DSC05181&#8243; _builder_version=&#8221;4.21.0&#8243; _module_preset=&#8221;default&#8221; global_colors_info=&#8221;{}&#8221;][\/et_pb_image][\/et_pb_column][et_pb_column type=&#8221;1_4&#8243; _builder_version=&#8221;4.21.0&#8243; _module_preset=&#8221;default&#8221; global_colors_info=&#8221;{}&#8221;][et_pb_image src=&#8221;https:\/\/restorationch.com\/wp-content\/uploads\/2026\/02\/DSC05218-scaled.jpg&#8221; title_text=&#8221;DSC05218&#8243; _builder_version=&#8221;4.21.0&#8243; _module_preset=&#8221;default&#8221; global_colors_info=&#8221;{}&#8221;][\/et_pb_image][\/et_pb_column][et_pb_column type=&#8221;1_4&#8243; _builder_version=&#8221;4.21.0&#8243; _module_preset=&#8221;default&#8221; global_colors_info=&#8221;{}&#8221;][et_pb_image src=&#8221;https:\/\/restorationch.com\/wp-content\/uploads\/2026\/02\/DSC05325-scaled.jpg&#8221; title_text=&#8221;DSC05325&#8243; _builder_version=&#8221;4.21.0&#8243; _module_preset=&#8221;default&#8221; global_colors_info=&#8221;{}&#8221;][\/et_pb_image][\/et_pb_column][\/et_pb_row][et_pb_row _builder_version=&#8221;4.21.0&#8243; _module_preset=&#8221;default&#8221; global_colors_info=&#8221;{}&#8221;][et_pb_column type=&#8221;4_4&#8243; _builder_version=&#8221;4.21.0&#8243; _module_preset=&#8221;default&#8221; global_colors_info=&#8221;{}&#8221;][et_pb_text _builder_version=&#8221;4.21.0&#8243; _module_preset=&#8221;default&#8221; global_colors_info=&#8221;{}&#8221;]<\/p>\n<h2 style=\"text-align: center;\"><strong><span style=\"color: #ffffff;\">Iglesia Restauracion es la congregacion Hispana de Restoration Church en Bethlehem, Georgia<\/span><\/strong><\/h2>\n<p>[\/et_pb_text][\/et_pb_column][\/et_pb_row][\/et_pb_section][et_pb_section fb_built=&#8221;1&#8243; _builder_version=&#8221;4.21.0&#8243; _module_preset=&#8221;default&#8221; background_color=&#8221;#FFFFFF&#8221; background_enable_image=&#8221;off&#8221; global_colors_info=&#8221;{}&#8221;][et_pb_row column_structure=&#8221;1_2,1_2&#8243; _builder_version=&#8221;4.20.4&#8243; _module_preset=&#8221;default&#8221; global_colors_info=&#8221;{}&#8221;][et_pb_column type=&#8221;1_2&#8243; _builder_version=&#8221;4.20.4&#8243; _module_preset=&#8221;b0f68a87-3510-4460-a9b2-c8e1e45b7f9b&#8221; global_colors_info=&#8221;{}&#8221;][et_pb_image src=&#8221;https:\/\/restorationch.com\/wp-content\/uploads\/2026\/02\/DSC05347-scaled.jpg&#8221; title_text=&#8221;DSC05347&#8243; _builder_version=&#8221;4.21.0&#8243; _module_preset=&#8221;a8fee895-9d65-444a-9d97-846eef0a397e&#8221; border_radii=&#8221;on|10px|10px|10px|10px&#8221; global_colors_info=&#8221;{}&#8221;][\/et_pb_image][\/et_pb_column][et_pb_column type=&#8221;1_2&#8243; _builder_version=&#8221;4.20.4&#8243; _module_preset=&#8221;b0f68a87-3510-4460-a9b2-c8e1e45b7f9b&#8221; global_colors_info=&#8221;{}&#8221;][et_pb_text _builder_version=&#8221;4.21.0&#8243; _module_preset=&#8221;default&#8221; header_3_font=&#8221;|700||on|||||&#8221; header_3_font_size=&#8221;30px&#8221; header_3_line_height=&#8221;1.3em&#8221; global_colors_info=&#8221;{}&#8221;]<\/p>\n<h3><span>Descubrir el proposito<\/span><\/h3>\n<p>En alg\u00fan momento, todos nos preguntamos qui\u00e9nes somos, porque eso determina c\u00f3mo nos vemos a nosotros mismos. Sabemos que las personas asisten a la iglesia con diferentes identidades, algunas positivas, otras negativas.<\/p>\n<p>Nuestro objetivo es que te veas a ti mismo como Dios te ve. Jes\u00fas, el Hijo de Dios, ense\u00f1\u00f3 que somos hijos valiosos, perdonados y amados incondicionalmente ante Dios. Queremos que pienses, conf\u00edes y vivas sabiendo que eres hijo del Dios Alt\u00edsimo, para que puedas experimentar la bondad que se te ha prometido aqu\u00ed y ahora.<\/p>\n<pre class=\"tw-data-text tw-text-large tw-ta\" data-placeholder=\"Translation\" id=\"tw-target-text\" role=\"text\" data-ved=\"2ahUKEwiRyMmP39uSAxXINt4AHXN1C14Q3ewLegQIEBAW\" dir=\"ltr\" aria-label=\"Translated text: Todos, en alg\u00fan momento, nos preguntamos qui\u00e9nes somos, porque esto determina c\u00f3mo nos vemos a nosotros mismos. Sabemos que la gente asiste a la iglesia con diversas identidades, algunas positivas, otras negativas. Nuestro objetivo es que te veas como Dios te ve. Jes\u00fas, el Hijo de Dios, ense\u00f1\u00f3 que somos hijos valorados, perdonados y amados incondicionalmente ante Dios. Queremos que pienses, conf\u00edes y vivas sabiendo que eres hijo del Dios Alt\u00edsimo para que experimentes la bondad que te ha sido prometida aqu\u00ed y ahora.\" tabindex=\"-1\"><span class=\"Y2IQFc\" lang=\"es\">\n<br \/><\/span><\/pre>\n<p>[\/et_pb_text][\/et_pb_column][\/et_pb_row][et_pb_row column_structure=&#8221;1_2,1_2&#8243; _builder_version=&#8221;4.20.4&#8243; _module_preset=&#8221;default&#8221; global_colors_info=&#8221;{}&#8221;][et_pb_column type=&#8221;1_2&#8243; _builder_version=&#8221;4.20.4&#8243; _module_preset=&#8221;b0f68a87-3510-4460-a9b2-c8e1e45b7f9b&#8221; global_colors_info=&#8221;{}&#8221;][et_pb_image src=&#8221;https:\/\/restorationch.com\/wp-content\/uploads\/2026\/02\/DSC05268-scaled.jpg&#8221; title_text=&#8221;DSC05268&#8243; _builder_version=&#8221;4.21.0&#8243; _module_preset=&#8221;a8fee895-9d65-444a-9d97-846eef0a397e&#8221; border_radii=&#8221;on|10px|10px|10px|10px&#8221; global_colors_info=&#8221;{}&#8221;][\/et_pb_image][\/et_pb_column][et_pb_column type=&#8221;1_2&#8243; _builder_version=&#8221;4.20.4&#8243; _module_preset=&#8221;b0f68a87-3510-4460-a9b2-c8e1e45b7f9b&#8221; global_colors_info=&#8221;{}&#8221;][et_pb_text _builder_version=&#8221;4.21.0&#8243; _module_preset=&#8221;default&#8221; header_3_font=&#8221;|700||on|||||&#8221; header_3_font_size=&#8221;30px&#8221; header_3_line_height=&#8221;1.3em&#8221; global_colors_info=&#8221;{}&#8221;]<\/p>\n<h3><span>Conectar con la gente<\/span><\/h3>\n<p>Si has estado actuando por inercia y deseando algo m\u00e1s, no est\u00e1s solo. Todas las personas tienen la necesidad de conectar con algo m\u00e1s grande que ellas mismas y con otras personas que est\u00e1n trabajando para cambiar el mundo.<\/p>\n<p>Jes\u00fas nos invita a una nueva realidad llamada \u00abel Reino de Dios\u00bb. Se trata de personas normales que viven juntas una historia extraordinaria.<\/p>\n<p>[\/et_pb_text][\/et_pb_column][\/et_pb_row][\/et_pb_section][et_pb_section fb_built=&#8221;1&#8243; _builder_version=&#8221;4.21.0&#8243; _module_preset=&#8221;default&#8221; background_color=&#8221;#014C75&#8243; custom_margin=&#8221;0px||0px||false|false&#8221; custom_padding=&#8221;20px||10px||false|false&#8221; locked=&#8221;off&#8221; global_colors_info=&#8221;{}&#8221;][et_pb_row _builder_version=&#8221;4.21.0&#8243; _module_preset=&#8221;default&#8221; custom_margin=&#8221;0px||0px||false|false&#8221; custom_padding=&#8221;0px||0px||false|false&#8221; global_colors_info=&#8221;{}&#8221;][et_pb_column type=&#8221;4_4&#8243; _builder_version=&#8221;4.20.4&#8243; _module_preset=&#8221;10a365be-da57-48f3-af5d-c7b8bbba9734&#8243; global_colors_info=&#8221;{}&#8221;][et_pb_text _builder_version=&#8221;4.21.0&#8243; _module_preset=&#8221;default&#8221; header_3_font=&#8221;|700||on|||||&#8221; header_3_text_align=&#8221;center&#8221; header_3_text_color=&#8221;#FFFFFF&#8221; header_3_font_size=&#8221;20px&#8221; header_3_line_height=&#8221;1.2em&#8221; custom_margin=&#8221;0px||0px||false|false&#8221; custom_padding=&#8221;0px||0px||false|false&#8221; global_colors_info=&#8221;{}&#8221;]<\/p>\n<h3 class=\"tw-data-text tw-text-large tw-ta\" data-placeholder=\"Translation\" id=\"tw-target-text\" role=\"text\" data-ved=\"2ahUKEwiRyMmP39uSAxXINt4AHXN1C14Q3ewLegQIEBAW\" dir=\"ltr\" aria-label=\"Translated text: Estamos aqu\u00ed para ayudarte a conocer a Dios personalmente, crecer en tus relaciones y descubrir tu prop\u00f3sito.\" tabindex=\"-1\"><strong><span class=\"Y2IQFc\" lang=\"es\">Estamos aqu\u00ed para ayudarte a conocer a Dios personalmente, crecer en tus relaciones y descubrir tu prop\u00f3sito.<\/span><\/strong><\/h3>\n<p>[\/et_pb_text][\/et_pb_column][\/et_pb_row][\/et_pb_section][et_pb_section fb_built=&#8221;1&#8243; _builder_version=&#8221;4.21.0&#8243; _module_preset=&#8221;default&#8221; background_enable_color=&#8221;off&#8221; background_image=&#8221;https:\/\/restorationch.com\/wp-content\/uploads\/2023\/07\/Topography-web-backgnd.jpg&#8221; custom_padding=&#8221;50px||50px||true|false&#8221; global_colors_info=&#8221;{}&#8221;][et_pb_row column_structure=&#8221;1_2,1_2&#8243; use_custom_gutter=&#8221;on&#8221; make_equal=&#8221;on&#8221; _builder_version=&#8221;4.21.0&#8243; _module_preset=&#8221;default&#8221; background_color=&#8221;#FFFFFF&#8221; custom_margin=&#8221;||||false|false&#8221; custom_padding=&#8221;40px|40px|40px|40px|true|true&#8221; border_radii=&#8221;on|10px|10px|10px|10px&#8221; global_colors_info=&#8221;{}&#8221;][et_pb_column type=&#8221;1_2&#8243; _builder_version=&#8221;4.21.0&#8243; _module_preset=&#8221;b0f68a87-3510-4460-a9b2-c8e1e45b7f9b&#8221; global_colors_info=&#8221;{}&#8221;][et_pb_image src=&#8221;https:\/\/restorationch.com\/wp-content\/uploads\/2026\/02\/DSC05292-scaled.jpg&#8221; title_text=&#8221;DSC05292&#8243; align=&#8221;center&#8221; _builder_version=&#8221;4.21.0&#8243; _module_preset=&#8221;66924910-227c-4abb-af5a-8e6f7ba73848&#8243; border_radii=&#8221;on|10px|10px|10px|10px&#8221; global_colors_info=&#8221;{}&#8221;][\/et_pb_image][\/et_pb_column][et_pb_column type=&#8221;1_2&#8243; _builder_version=&#8221;4.21.0&#8243; _module_preset=&#8221;b0f68a87-3510-4460-a9b2-c8e1e45b7f9b&#8221; custom_css_main_element=&#8221;\t&#8221; global_colors_info=&#8221;{}&#8221;][et_pb_text _builder_version=&#8221;4.21.0&#8243; _module_preset=&#8221;default&#8221; text_font=&#8221;||||||||&#8221; text_text_color=&#8221;#87CCE0&#8243; text_font_size=&#8221;14px&#8221; header_3_text_color=&#8221;#000000&#8243; header_3_font_size=&#8221;20px&#8221; header_3_line_height=&#8221;1.3em&#8221; custom_margin=&#8221;0px||2px||false|false&#8221; custom_padding=&#8221;0px||0px||false|false&#8221; global_colors_info=&#8221;{}&#8221;]<\/p>\n<h3 style=\"text-align: left;\"><span><strong>Pastor Julio Nunez<\/strong><\/span><\/h3>\n<p>[\/et_pb_text][et_pb_text _builder_version=&#8221;4.21.0&#8243; _module_preset=&#8221;default&#8221; text_font=&#8221;|||on|||||&#8221; text_text_color=&#8221;#1197C6&#8243; text_font_size=&#8221;14px&#8221; text_letter_spacing=&#8221;2px&#8221; header_3_text_color=&#8221;#1197C6&#8243; header_3_font_size=&#8221;30px&#8221; custom_margin=&#8221;0px||20px||false|false&#8221; custom_padding=&#8221;0px||0px||false|false&#8221; global_colors_info=&#8221;{}&#8221;]<\/p>\n<p style=\"text-align: left;\"><span><strong>pastor de iglesia restauracion<\/strong><\/span><\/p>\n<p>[\/et_pb_text][et_pb_text _builder_version=&#8221;4.21.0&#8243; _module_preset=&#8221;default&#8221; text_font=&#8221;|||on|||||&#8221; text_text_color=&#8221;#1197C6&#8243; text_font_size=&#8221;14px&#8221; text_letter_spacing=&#8221;2px&#8221; header_3_text_color=&#8221;#1197C6&#8243; header_3_font_size=&#8221;30px&#8221; custom_margin=&#8221;0px||20px||false|false&#8221; custom_padding=&#8221;0px||0px||false|false&#8221; hover_enabled=&#8221;0&#8243; global_colors_info=&#8221;{}&#8221; sticky_enabled=&#8221;0&#8243;]<\/p>\n<p style=\"text-align: left;\"><strong><span style=\"color: #333333;\">El pastor Julio N\u00fa\u00f1ez es un apasionado pastor, maestro y obispo ordenado de la Iglesia de Dios, dedicado a servir a Cristo y a la comunidad hispana. Despu\u00e9s de muchos a\u00f1os de pastorear fielmente en Puerto Rico, Dios le abri\u00f3 las puertas para mudarse a Georgia en el 2014. Del 2014 al 2018, sirvi\u00f3 como pastor hispano en &#8220;Life Church International&#8221; en Duluth, Georgia. Desde 2025, ha servido como pastor de Iglesia Restauraci\u00f3n en Bethlehem, Georgia.<\/span><\/strong><\/p>\n<p><strong><span style=\"color: #333333;\">Tiene una licenciatura en Ingenier\u00eda Civil de la Universidad Polit\u00e9cnica de Puerto Rico y una maestr\u00eda en Consejer\u00eda y Cuidado Pastoral de la Universidad Teol\u00f3gica del Caribe en Puerto Rico. Actualmente est\u00e1 completando un doctorado en ministerio en &#8220;Luther Rice College &amp; Seminary.&#8221;\u00a0<\/span><\/strong><\/p>\n<p><strong><span style=\"color: #333333;\">Lleva m\u00e1s de 30 a\u00f1os felizmente casado con Sandra N\u00fa\u00f1ez. Juntos han servido fielmente en el ministerio pastoral y como conferenciantes. Sandra es maestra de escuela intermedia en el condado de Gwinnett, tiene una maestr\u00eda en Educaci\u00f3n y es &#8220;Life Coach&#8221; certificada. Tienen dos hijos, Christopher y Matthew, y su nuera, Lindi.<\/span><\/strong><\/p>\n<p>[\/et_pb_text][\/et_pb_column][\/et_pb_row][\/et_pb_section][et_pb_section fb_built=&#8221;1&#8243; custom_padding_last_edited=&#8221;on|phone&#8221; admin_label=&#8221;Workshops CTA&#8221; _builder_version=&#8221;4.21.0&#8243; _module_preset=&#8221;default&#8221; background_color=&#8221;#1197C6&#8243; custom_padding=&#8221;40px|0px|40px|0px|false|false&#8221; custom_padding_tablet=&#8221;&#8221; custom_padding_phone=&#8221;||60px|&#8221; animation_style=&#8221;slide&#8221; animation_direction=&#8221;bottom&#8221; global_colors_info=&#8221;{}&#8221;][et_pb_row _builder_version=&#8221;4.17.4&#8243; _module_preset=&#8221;default&#8221; global_colors_info=&#8221;{}&#8221;][et_pb_column type=&#8221;4_4&#8243; _builder_version=&#8221;4.17.4&#8243; _module_preset=&#8221;b0f68a87-3510-4460-a9b2-c8e1e45b7f9b&#8221; global_colors_info=&#8221;{}&#8221;][et_pb_text _builder_version=&#8221;4.21.0&#8243; _module_preset=&#8221;default&#8221; text_font=&#8221;Lato||||||||&#8221; text_text_color=&#8221;#000000&#8243; text_font_size=&#8221;16px&#8221; header_font=&#8221;||||||||&#8221; header_text_align=&#8221;center&#8221; header_line_height=&#8221;1.3em&#8221; header_2_font=&#8221;|700||on|||||&#8221; header_2_text_color=&#8221;#FFFFFF&#8221; header_2_font_size=&#8221;30px&#8221; header_2_line_height=&#8221;1.3em&#8221; header_3_font=&#8221;Oswald|800|||||||&#8221; header_3_text_color=&#8221;#50B1CE&#8221; header_3_font_size=&#8221;42px&#8221; header_3_line_height=&#8221;1.5em&#8221; header_6_font=&#8221;||||||||&#8221; max_width=&#8221;100%&#8221; max_width_last_edited=&#8221;off|desktop&#8221; module_alignment=&#8221;left&#8221; custom_margin=&#8221;0px||5px||false|false&#8221; custom_padding=&#8221;|||&#8221; header_2_font_size_tablet=&#8221;30px&#8221; header_2_font_size_phone=&#8221;24px&#8221; header_2_font_size_last_edited=&#8221;on|phone&#8221; locked=&#8221;off&#8221; global_colors_info=&#8221;{}&#8221;]<\/p>\n<h2 class=\"et_pb_module_header et-fb-editable-element et-fb-editable-element__editing\" data-shortcode-id=\"1.0.0.0-1532638965664\" data-quickaccess-id=\"header\" contenteditable=\"true\" style=\"text-align: center;\">Nos encantaria verte en la iglesia<\/h2>\n<p>[\/et_pb_text][et_pb_text _builder_version=&#8221;4.21.0&#8243; _module_preset=&#8221;default&#8221; text_font=&#8221;|600|||||||&#8221; text_text_color=&#8221;#FFFFFF&#8221; custom_margin=&#8221;||30px||false|false&#8221; global_colors_info=&#8221;{}&#8221;]<\/p>\n<p style=\"text-align: center;\">Nos reunimos los domingos a las 2:00 pm en Restoration Church 1250 Tom Miller Rd Bethlehem, Georgia<\/p>\n<p>[\/et_pb_text][\/et_pb_column][\/et_pb_row][\/et_pb_section]<\/p>\n","protected":false},"excerpt":{"rendered":"<p>Iglesia Restauracion es la congregacion Hispana de Restoration Church en Bethlehem, GeorgiaDescubrir el proposito En alg\u00fan momento, todos nos preguntamos qui\u00e9nes somos, porque eso determina c\u00f3mo nos vemos a nosotros mismos. Sabemos que las personas asisten a la iglesia con diferentes identidades, algunas positivas, otras negativas. Nuestro objetivo es que te veas a ti mismo [&hellip;]<\/p>\n","protected":false},"author":4,"featured_media":0,"parent":126,"menu_order":0,"comment_status":"closed","ping_status":"closed","template":"","meta":{"_et_pb_use_builder":"on","_et_pb_old_content":"","_et_gb_content_width":"","footnotes":""},"_links":{"self":[{"href":"https:\/\/restorationch.com\/index.php\/wp-json\/wp\/v2\/pages\/1652"}],"collection":[{"href":"https:\/\/restorationch.com\/index.php\/wp-json\/wp\/v2\/pages"}],"about":[{"href":"https:\/\/restorationch.com\/index.php\/wp-json\/wp\/v2\/types\/page"}],"author":[{"embeddable":true,"href":"https:\/\/restorationch.com\/index.php\/wp-json\/wp\/v2\/users\/4"}],"replies":[{"embeddable":true,"href":"https:\/\/restorationch.com\/index.php\/wp-json\/wp\/v2\/comments?post=1652"}],"version-history":[{"count":12,"href":"https:\/\/restorationch.com\/index.php\/wp-json\/wp\/v2\/pages\/1652\/revisions"}],"predecessor-version":[{"id":1728,"href":"https:\/\/restorationch.com\/index.php\/wp-json\/wp\/v2\/pages\/1652\/revisions\/1728"}],"up":[{"embeddable":true,"href":"https:\/\/restorationch.com\/index.php\/wp-json\/wp\/v2\/pages\/126"}],"wp:attachment":[{"href":"https:\/\/restorationch.com\/index.php\/wp-json\/wp\/v2\/media?parent=1652"}],"curies":[{"name":"wp","href":"https:\/\/api.w.org\/{rel}","templated":true}]}}